 divided by 3594914?
12
Calculate the remainder when 36324 is divided by 2781.
171
What is the remainder when 359897 is divided by 978?
971
What is the remainder when 41601296 is divided by 41601284?
12
What is the remainder when 99206 is divided by 340?
266
Calculate the remainder when 630900 is divided by 2767.
24
Calculate the remainder when 86722441 is divided by 62.
3
Calculate the remainder when 45274 is divided by 42521.
2753
What is the remainder when 5967818 is divided by 683?
447
What is the remainder when 62831653 is divided by 5235971?
1
Calculate the remainder when 71987723 is divided by 12.
11
Calculate the remainder when 1842724 is divided by 460673.
32
What is the remainder when 87334628 is divided by 14?
10
What is the remainder when 1457785 is divided by 26?
17
What is the remainder when 182950 is divided by 18294?
10
Calculate the remainder when 241904 is divided by 278.
44
Calculate the remainder when 158778126 is divided by 1198.
1196
Calculate the remainder when 459225 is divided by 836.
261
Calculate the remainder when 109821 is divided by 26.
23
What is the remainder when 449345 is divided by 1413?
11
What is the remainder when 11747414 is divided by 2349478?
24
Calculate the remainder when 813934099 is divided by 50.
49
What is the remainder when 937727 is divided by 790?
787
What is the remainder when 1032281 is divided by 745?
456
What is the remainder when 2285332 is divided by 571333?
0
Calculate the remainder when 214211 is divided by 70496.
2723
What is the remainder when 1619147 is divided by 60?
47
What is the remainder when 38842549 is divided by 7131?
7123
Calculate the remainder when 10900779 is divided by 188.
163
What is the remainder when 287716 is divided by 1050?
16
What is the remainder when 1791980 is divided by 34?
10
What is the remainder when 792471959 is divided by 321?
320
Calculate the remainder when 1535246 is divided by 511596.
458
Calculate the remainder when 19955890 is divided by 48.
34
Calculate the remainder when 234108 is divided by 116028.
2052
What is the remainder when 3587853 is divided by 117?
48
What is the remainder when 1009109 is divided by 336359?
32
Calculate the remainder when 384092 is divided by 32007.
8
Calculate the remainder when 920398 is divided by 2639.
2026
Calculate the remainder when 28346092 is divided by 769.
752
What is the remainder when 125787 is divided by 62816?
155
What is the remainder when 220767 is divided by 4245?
27
What is the remainder when 140592833 is divided by 293?
6
Calculate the remainder when 1416057 is divided by 178.
67
Calculate the remainder when 1041578 is divided by 16.
10
Calculate the remainder when 382891 is divided by 47853.
67
What is the remainder when 435627 is divided by 87100?
127
Calculate the remainder when 6571003 is divided by 1426.
1421
Calculate the remainder when 2250884 is divided by 750154.
422
What is the remainder when 23269 is divided by 22823?
446
Calculate the remainder when 79813622 is divided by 536.
6
What is the remainder when 73849631 is divided by 34?
33
What is the remainder when 16176246 is divided by 5989?
5946
What is the remainder when 222143 is divided by 236?
67
Calculate the remainder when 644180 is divided by 579.
332
Calculate the remainder when 2026782 is divided by 92123.
76
Calculate the remainder when 235449 is divided by 15586.
1659
What is the remainder when 140771480 is divided by 2855?
2850
Calculate the remainder when 629490 is divided by 29956.
414
Calculate the remainder when 410147 is divided by 3374.
1893
What is the remainder when 274706 is divided by 23?
17
Calculate the remainder when 316557 is divided by 35171.
18
What is the remainder when 92736 is divided by 92592?
144
What is the remainder when 33154890 is divided by 679?
678
Calculate the remainder when 1242916 is divided by 4972.
4888
What is the remainder when 2650934 is divided by 1119?
23
Calculate the remainder when 15204744 is divided by 830.
804
Calculate the remainder when 385489 is divided by 778.
379
Calculate the remainder when 9796570 is divided by 23.
19
Calculate the remainder when 20076968 is divided by 11.
10
What is the remainder when 379570 is divided by 126517?
19
Calculate the remainder when 891025 is divided by 21.
16
What is the remainder when 1106908 is divided by 100608?
220
What is the remainder when 266478 is divided by 88758?
204
Calculate the remainder when 15054537 is divided by 453.
441
Calculate the remainder when 24709714 is divided by 492.
490
Calculate the remainder when 5128186 is divided by 427338.
130
What is the remainder when 198972 is divided by 99394?
184
Calculate the remainder when 110448 is divided by 2716.
1808
What is the remainder when 2894803062 is divided by 589?
587
What is the remainder when 129069 is divided by 736?
269
What is the remainder when 265939 is divided by 13996?
15
Calculate the remainder when 12412 is divided by 2001.
406
Calculate the remainder when 398306 is divided by 66350.
206
What is the remainder when 494781 is divided by 140?
21
What is the remainder when 3890876 is divided by 294?
80
What is the remainder when 144950 is divided by 70882?
3186
What is the remainder when 28703260 is divided by 562809?
1
What is the remainder when 25162577 is divided by 1974?
1973
What is the remainder when 32639636 is divided by 395?
391
Calculate the remainder when 3897 is divided by 2633.
1264
What is the remainder when 31065924 is divided by 7766481?
0
What is the remainder when 284266 is divided by 142121?
24
Calculate the remainder when 38963824 is divided by 76.
68
What is the remainder when 2469471 is divided by 1269?
1266
Calculate the remainder when 16088359 is divided by 25.
9
What is the remainder when 4301903 is divided by 14?
11
Calculate the remainder when 20500264 is divided by 67.
6
What is the remainder when 17969304 is divided by 998294?
12
Calculate the remainder when 2279002 is divided by 105.
82
Calculate the remainder when 130595 is divided by 3615.
455
Calculate the remainder when 557564 is divided by 46457.
80
What is the remainder when 80243 is divided by 4436?
395
Calculate the remainder when 1044988 is divided by 57.
7
Calculate the remainder when 421210 is divided by 600.
10
What is the remainder when 30184 is divided by 14684?
816
What is the remainder when 33028 is divided by 2965?
413
Calculate the remainder when 490539 is divided by 807.
690
Calculate the remainder when 45455 is divided by 485.
350
What is the remainder when 6765830 is divided by 127657?
9
What is the remainder when 14370455 is divided by 2874032?
295
What is the remainder when 2260201 is divided by 9263?
29
Calculate the remainder when 1793807 is divided by 241.
44
Calculate the remainder when 2888817 is divided by 99614.
11
Calculate the remainder when 52077400 is divided by 85.
25
What is the remainder when 340315 is divided by 2239?
2226
What is the remainder when 793315 is divided by 1062?
1
Calculate the remainder when 440780 is divided by 31480.
60
Calculate the remainder when 949326 is divided by 4238.
14
Calculate the remainder when 105040 is divided by 144.
64
What is the remainder when 19910810 is divided by 9955397?
16
What is the remainder when 16733410 is divided by 8366705?
0
Calculate the remainder when 2920443 is divided by 92.
87
Calculate the remainder when 60388 is divided by 94.
40
Calculate the remainder when 185857 is divided by 184641.
1216
What is the remainder when 4653107 is divided by 444?
431
Calculate the remainder when 4424956 is divided by 9475.
131
What is the remainder when 24233475 is divided by 256?
3
What is the remainder when 56715 is divided by 16457?
7344
What is the remainder when 24092338 is divided by 1703?
1700
Calculate the remainder when 15983 is divided by 7927.
129
What is the remainder when 67699 is divided by 14666?
9035
What is the remainder when 319788 is divided by 159777?
234
What is the remainder when 8384635 is divided by 30?
25
Calculate the remainder when 18020 is divided by 17240.
780
Calculate the remainder when 12503244 is divided by 1057.
1048
What is the remainder when 72557 is divided by 8852?
1741
What is the remainder when 115095066 is divided by 685?
681
Calculate the remainder when 18815480 is divided by 